-w**2 + w - 1. Let i(r) = h(r) + 3*p(r). What is the units digit of i(-9)?
8
Let k = 198 + 627. What is the units digit of k?
5
What is the hundreds digit of (-22)/66 - (0 + (-5380)/3)?
7
Let s(y) be the first derivative of y**3/3 + 4*y**2 + 14*y - 6. What is the units digit of s(-9)?
3
Suppose 5 + 1 = 2*r. What is the hundreds digit of -37*(-3 - (r + -3))?
1
Let q be (-35)/(-21) - (4/3)/2. What is the tens digit of ((1 + -2)*q)/(4/(-60))?
1
What is the tens digit of (19 - -248) + -1 + 4 + 0?
7
Suppose -67*b = -64*b - 327. What is the hundreds digit of b?
1
Suppose -4*k + 2*d + 120 = -2*k, -5*k = -3*d - 306. Let b = k + -32. Suppose -38 = -3*g + b. What is the tens digit of g?
2
Let s = -640 + 1178. What is the hundreds digit of s?
5
Suppose -7 = -5*s + 8. Let v(g) = 11*g - 1. Let l be v(s). Suppose 4*f = -2*d + l, -3*d - 5*f + 105 = 2*d. What is the tens digit of d?
2
Suppose 2*f + 0*f = 2. Let d be f - -2 - (-4 - -4). Suppose 0 = 7*z - d*z - 88. What is the units digit of z?
2
Let k be ((-4)/(-5))/((-8)/40). Let w be 100/55 - k/22. Suppose 2*n - 3*v - 58 = 0, -w*n - 4*v + 42 = v. What is the units digit of n?
6
Suppose 4*b + m = -0 + 7, -m - 5 = -2*b. Let q be b + 1 + 2 + 3. Let c = 0 + q. What is the units digit of c?
8
Suppose -4*b - s + 0*s + 395 = 0, b = 3*s + 102. Let a be b/21 + 4/14. Suppose z + a*r = 40, -2*z + 5*r + 290 = 3*z. What is the tens digit of z?
5
Suppose 0 = -145*a + 134*a + 38863. What is the units digit of a?
3
Let d(t) = 113*t - 160. What is the thousands digit of d(15)?
1
Suppose 0 = x - 4*t + 4, -3*x + 3*t = 12. What is the hundreds digit of 342/x*32/(-16)?
1
Let y = 1 + -8. Let z = -20 + 29. Let j = z + y. What is the units digit of j?
2
Let p(s) be the first derivative of -s**4/4 + 8*s**3/3 - 5*s**2/2 + 10*s + 1. What is the units digit of p(7)?
4
Let i = 532 - 525. Let r(k) = 4*k**2 - 5. Let m be r(5). Suppose 0 = -i*n + 2*n + m. What is the units digit of n?
9
Suppose 0*g = -2*h - 5*g + 386, 5*h = -g + 965. Suppose -3*u + 5*x + 130 = 27, -5*u + 3*x = -h. What is the tens digit of u?
4
What is the units digit of 128/56 - 4/14 - -566?
8
Suppose 85*b - 97*b + 28548 = 0. What is the thousands digit of b?
2
Let c = 1598 - 1136. What is the tens digit of c?
6
Suppose -3264*j = -3265*j + 5153. What is the thousands digit of j?
5
Suppose 18*l - 1740 - 2760 = 0. What is the hundreds digit of l?
2
Let p = 611 + -223. What is the units digit of p?
8
Let g(s) be the third derivative of -3*s**4/8 - 4*s**3/3 - 2*s**2. What is the units digit of g(-4)?
8
Let h = 3 - -1. Suppose h*o - 2*d + 28 + 18 = 0, -5*d = 2*o + 5. Let p = o - -12. What is the units digit of p?
2
Let l(j) = 9*j**2 + 11*j + 56. Let i(x) = 4*x**2 + 5*x + 28. Let f(u) = 7*i(u) - 3*l(u). What is the tens digit of f(-9)?
9
Let h be (-557)/3 + (-2)/6. Let v = -99 - h. What is the units digit of v?
7
Let m = -60 - -64. What is the tens digit of 598/m + (3/3)/2?
5
Let f = -406 + 742. Suppose -4*y + f = 10*y. What is the tens digit of y?
2
Let l = -10 + 17. Suppose 0 = -5*a + l - 2. What is the units digit of (a + 0/3)/1?
1
Suppose -4*t + 2232 = -2*o, o + 65 = 3*t - 1611. What is the hundreds digit of t?
5
Suppose 3*m - 4*y = 8, 5*m - 21 = 3*y - 4. Suppose -m*l + 33 = -l. What is the units digit of l?
1
Let i = 1576 - 881. What is the hundreds digit of i?
6
Let u = -780 - -1163. What is the hundreds digit of u?
3
Let h(j) = j + 5. Let m be h(-3). Let p = 6 - m. Let v = 28 - p. What is the units digit of v?
4
Let y(t) = t - 7. Let s be y(10). Suppose -s*m - 2 = -17. Suppose m*a - z - 167 = 173, 3*a - 4*z - 187 = 0. What is the units digit of a?
9
Let v(y) = 112 - 43 - 9*y - 46. What is the units digit of v(-23)?
0
Suppose 0 = 5*v + 2*m + 155, 2*m - 61 = 2*v + 3*m. Let a be (-2)/4*(v + -3). Let h = a + -8. What is the tens digit of h?
1
Let t be (-81)/4 + (-1)/(-4). Let p = t + 32. Suppose -6*a - 2*c + 104 = -a, -4*c - p = -a. What is the tens digit of a?
2
Let l be 0/(-2) + (3 - 2). Let y be (0 - l)*(-49 - -2). Let i = y + -31. What is the units digit of i?
6
Let a(y) = y**3 - 5*y**2 + 6*y - 6. Let h be a(4). Let o = -4 - -10. Suppose h*c - o*c = -12. What is the units digit of c?
3
Let q(k) be the third derivative of 0*k - 1/24*k**4 - k**2 + 1/2*k**3 + 0. What is the units digit of q(-3)?
6
Let i(r) = r**3 - 8*r**2 - 7*r + 18. What is the tens digit of i(9)?
3
Let m be 1*(-3 - (-854 + 1)). Suppose 0 = -6*i + i + m. What is the units digit of i?
0
Suppose -6*a + 2*a = -3*d + 23, -d + a = -7. Let c be (-2)/d + 24/10. What is the units digit of (138/(-24))/(c/(-8))?
3
Let f(r) = -r**2 + 5*r + 3. Let q be f(-3). Let w(n) = -n**3 - 15*n**2 + 18*n + 54. Let t be w(-16). Let v = t + q. What is the units digit of v?
1
Suppose 2*p = 4*b - 7*b + 5101, -4*p - 3374 = -2*b. What is the units digit of b?
7
Let g(v) = -13*v**3 - 6*v - 16. Let y be g(-4). Suppose -p = 4*p - 2*t - 1065, 4*t = 4*p - y. What is the hundreds digit of p?
2
Suppose -18 = -4*z + 2*u, 2*z - 4*u + 7*u + 11 = 0. What is the tens digit of z + 101 + -2 - 4?
9
Suppose -4*q = -2*q - 8. Suppose -3*r - 2*r = 15, q*v - 285 = -r. What is the units digit of v?
2
Let k(t) = 2*t**2 - 11*t - 4. Let y be k(6). What is the units digit of 9/y*(528/(-6))/(-4)?
9
Let v(i) = -5*i - 1. Let u be v(-7). Suppose 4 = u*n - 33*n. Suppose -58 = -6*p + n*p. What is the units digit of p?
9
What is the hundreds digit of 618/103 + (4182 - 1)?
1
Suppose -2*b = -4*b + 48. Let w = 98 - b. What is the tens digit of w?
7
Let j = -1325 + 1769. What is the tens digit of j?
4
Let a be (-12)/(-9) - (-1 + (-4)/(-3)). What is the units digit of (-40)/(-4) + (-1 - 2 - a)?
6
What is the hundreds digit of ((-276)/18)/(2 - 290/144)?
1
Let s(t) = -1027*t - 325. What is the units digit of s(-5)?
0
Let z(t) = 159*t**2 - 2*t. Let r be z(1). Let l = r - 11. What is the units digit of l?
6
Suppose 5*v - 9289 = 2*p, 7*v - 4*v + 5*p = 5592. What is the tens digit of v?
5
Let i = -31 + 66. Let l(s) = -s - 6. Let g be l(-10). Suppose 0 = g*h - i - 49. What is the tens digit of h?
2
Suppose 5*f = -21 - 59. Let i = f + 28. What is the tens digit of (8/i)/(1/42)?
2
Suppose 2*x = -3*x + 25. Suppose -40 = x*h - 10*h. What is the units digit of h?
8
Let f(o) = o**2 - 5*o + 14. Suppose -3*t + h - 27 = 2*t, 45 = -5*t - 5*h. What is the units digit of f(t)?
0
Let n(a) = a - 4. Let d be n(2). Let i(b) = -b**3 + 3*b**2 + 4*b + 4. What is the tens digit of i(d)?
1
Suppose 0 = 17*k - 15191 - 11533. What is the thousands digit of k?
1
Suppose -8*l + 4*l + 20 = 0. What is the units digit of (-2)/l + (-117)/(-5)?
3
Suppose -2*w - 12*d = -17*d - 199, w + 3*d - 105 = 0. Suppose -250 = -4*m - m. Suppose -4*n = -m - w. What is the tens digit of n?
3
Let i(f) = -6*f**3 - 4*f**2 - 3*f - 7. What is the tens digit of i(-7)?
7
Let g be (-4)/(-6) + 10/(-6). Let n = g + 3. Suppose n*r + 3*d = 5*d + 20, 0 = -3*d. What is the units digit of r?
0
Let s(z) = 126*z**2 + 10*z + 7. What is the hundreds digit of s(-2)?
4
Let w(o) = 8*o - 32 + 2*o - 29 + 20. What is the tens digit of w(14)?
9
Let u = 50 - 46. What is the tens digit of -2 + 29 - (-4 + u + 1)?
2
Let m(o) = o - 1. Let x(f) = 5*f - 2. Let t(n) = 4*m(n) - 4*x(n). Suppose -g - 4*z - 2 = 0, -g + 1 = z + 3. What is the units digit of t(g)?
6
Suppose -7 = -7*w - 7. Let s(x) = -x**3 - 2*x**2 - 2*x + 92. What is the tens digit of s(w)?
9
Suppose -2*i + 2*q + 2212 = 0, 0*i = -i - 5*q + 1106. What is the hundreds digit of i?
1
Suppose -2*c + 14 = -4. What is the units digit of 52/3 - 3/c?
7
Let o be (-15)/2 + 4/((-24)/3). Suppose 114 = 3*f - 3*h, -5*h + 0*h = -4*f + 150. What is the units digit of o/f - 71/(-5)?
4
Let a(b) = -b**2 + 5*b + 2. Let t be a(5). Suppose -2 = g - 7. Suppose c - t = g. What is the units digit of c?
7
Suppose -14*i - 212 = -16*i. What is the hundreds digit of i?
1
Let i be (6/(-9))/((-4)/18). Suppose -388 = 5*g + q, -4*q + i + 5 = 0. What is the units digit of g/(-4) - 15/(-10)?
1
Let z(w) = 8*w**3 + 1 + 4*w**2 - 7*w + 8*w**3 - 15*w**3 + w**2. What is the units digit of z(-6)?
7
Let s(m) = m**2 - 1. Let r(w) = -w**2 - 2*w + 1. Let o be r(-2). Let n be s(o). Suppose 2*i + 2*v - 54 = 0, 4*i - 92 = -n*v + 4*v. What is the tens digit of i?
2
Suppose 11*l - 12008 - 6241 = 0. What is the tens digit of l?
5
Suppose -16*f